ate the remainder when y is divided by i.
8
Let t be 34/10 - (-4)/(-10). Let h = 9 - t. Let f(k) = -k**3 + 12*k**2 - k + 16. Calculate the remainder when h is divided by f(12).
2
Let g be -1 + 1 + (-14)/(-1). Suppose -5*t = -g - 1. Calculate the remainder when 9 is divided by t.
0
Let p(i) = i**3 - 11*i**2 + 11*i + 12. Suppose -5*n + 2*l = -l - 65, 2*n = -l + 15. What is the remainder when p(n) is divided by 12?
10
What is the remainder when 82 is divided by (0 + -1)/(6/(-126))?
19
Suppose -2*h + 6 = h. Suppose h*i - 70 = -3*i. Calculate the remainder when 25 is divided by i.
11
Suppose -m - 4 + 5 = 0. Let p be (12 + -3)/3 - m. Suppose 30 = p*w + w. Calculate the remainder when 29 is divided by w.
9
Let x(o) = o**3 - 2*o**2 + o + 28. Calculate the remainder when x(0) is divided by 17.
11
Let w = -14 + 23. Suppose 61 = 4*b + w. Let j = -53 - -77. Calculate the remainder when j is divided by b.
11
Let g be (-3)/(-2)*(-4)/(-3). Let c = 13 + -9. Let m = c - g. Calculate the remainder when m is divided by 1.
0
Suppose 37 = 4*j - 51. Suppose o - 5*y + 13 = -0, -5*o + 80 = 4*y. Calculate the remainder when j is divided by o.
10
Let l(k) = 83*k**2 - k + 1. What is the remainder when l(1) is divided by 43?
40
Let q(s) be the third derivative of s**5/60 + s**4/12 + 7*s**3/6 - s**2. What is the remainder when q(5) is divided by 22?
20
Let g(x) = -x**3 + 4*x**2 - 2*x + 1. Calculate the remainder when 9 is divided by g(2).
4
Suppose 2*y - 2*a - 33 = a, -a - 50 = -5*y. Let q = y - 7. What is the remainder when (-3)/6*q - -29 is divided by 10?
8
Let t(l) = -l**3 - l**2 + l + 11. Let n be t(0). Suppose -q + n - 3 = 0. Let s(j) = 5*j**2 + 2. What is the remainder when s(-2) is divided by q?
6
Let m(w) = -8*w**3 + w**2 + w + 1. Let b be m(-1). Suppose b = -5*l + 24. Suppose -13 = -l*a + 5. Calculate the remainder when 10 is divided by a.
4
Let u = -1 + 3. Suppose 4*q - 68 = -2*z, z + 74 = 5*q - u*z. Suppose -3*w + 30 = 2*w. Calculate the remainder when q is divided by w.
4
Suppose -b + 11 = 2*u, 2*b - 17 = -5*u + 4. Calculate the remainder when b is divided by 7.
6
Suppose 9 = 2*k - g, -3*k - 13 = -7*k + g. Suppose p - 3 = -3*u, u - k*p + 3 - 4 = 0. What is the remainder when u is divided by 2 - 2*1/2?
0
Suppose 2*v + 2*j - 26 = -3*v, -4*v + 5*j = -34. What is the remainder when v is divided by 3?
0
Suppose -2*v = -0*v - 86. Let j = -30 + v. Suppose 2*i = i + 25. Calculate the remainder when i is divided by j.
12
Suppose 0 = -11*l + 8*l + 33. Calculate the remainder when 51 is divided by l.
7
Let r = -14 + 8. Let q(j) = -j**2 - 6*j + 4. Calculate the remainder when 7 is divided by q(r).
3
Let l(f) = -f**2 + 2*f + 72. Let o be l(0). Suppose -o = -5*w - 12. Calculate the remainder when w is divided by 5.
2
Suppose 0 = 5*v - 7*v + 30. Let b = v + -6. Calculate the remainder when 25 is divided by b.
7
Let z be 1332/8 - (-3)/2. Suppose 3*p - z = -p. What is the remainder when -1 + p - 6/(-3) is divided by 15?
13
Suppose 16 = 3*x - 23. Let r = -37 - -60. Let l = -16 + r. Calculate the remainder when x is divided by l.
6
Calculate the remainder when 29 is divided by (-24)/(-4) - (2 + -1).
4
Suppose -8*w + 4*w = -12. Let z be 1/(1/(6/w)). Suppose 3*i = z*b - 26, 3*i + 26 - 7 = b. Calculate the remainder when 19 is divided by b.
5
Let v(j) = j**3 + 7*j**2 - j - 6. What is the remainder when v(-5) is divided by ((-69)/46)/(1*3/(-52))?
23
Let c(z) = 2*z**2 - 3*z - 5. Calculate the remainder when ((-4)/6)/(3/(-126)) is divided by c(4).
13
Suppose 4*g = 5*g. Calculate the remainder when 28 + (0 - g - -1) is divided by 10.
9
Let v be -2 - (-232)/(1 + 0). Suppose -y = -5*y + 24. Suppose -y*p = -p - v. Calculate the remainder when p is divided by 16.
14
Let l(b) = b**2 + 9*b + 12. What is the remainder when (4/5)/((-4)/(-50)) is divided by l(-8)?
2
Let y(s) = -s**3 - 10*s**2 + 9*s - 2. Calculate the remainder when y(-11) is divided by 7.
6
Let d be 4/6*(-6)/(-2). Let s be d/5 + (-6)/15. What is the remainder when 2 is divided by s - 1*(-2 - -1)?
0
Suppose 0 = -3*x + 4*t + 56, 5*x - 6*t - 75 = -3*t. Let q = x + -9. What is the remainder when 37 is divided by 0 - q - (5 + -21)?
11
Let r(a) = -3*a + 5*a - 3 + 20*a**2 + 2. Calculate the remainder when r(1) is divided by 62/6 + 6/9.
10
What is the remainder when -3 - -2 - (2 - 13) is divided by (-24)/(-3) - 1*2?
4
Suppose 7*t + 2*k - 6 = 5*t, -5*t + 5*k - 5 = 0. Calculate the remainder when t is divided by 1.
0
Suppose -4*h - 135 = -5*o + h, 3*o + 4*h = 53. What is the remainder when 91 is divided by o?
22
Suppose -4*m + 3*z - 7*z + 76 = 0, -4*m + z + 61 = 0. Calculate the remainder when 77 is divided by m.
13
Let m = 44 + -26. Let h = -12 + m. Let o = 9 - -2. Calculate the remainder when o is divided by h.
5
Suppose l + r + 2 - 41 = 0, -5*l + 189 = 3*r. Let n = -30 - -43. Calculate the remainder when l is divided by n.
10
Suppose x - 90 = -x. Suppose 3*b = -2*b + x. What is the remainder when (-1372)/(-42) + (-2)/(-6) is divided by b?
6
Let o = -1 - -22. What is the remainder when o is divided by 8?
5
Let x(m) = m**3 + 8*m**2 - 10*m + 4. What is the remainder when 49 + 1/3*0 is divided by x(-9)?
10
Suppose -21 = -3*w - y + 26, y = -4*w + 63. Suppose -n + 24 = 3*n - 4*x, 5*n + x - 48 = 0. What is the remainder when w is divided by n?
7
Suppose -35 = -5*g + 5*d, -4*d + 40 = 4*g - 12. Suppose 0 = -3*y + 5*y - g. What is the remainder when 9 is divided by y?
4
Let p = 8 - -38. Calculate the remainder when p is divided by 12.
10
Calculate the remainder when 54 is divided by ((-3)/(-2))/((-18)/(-168)).
12
Suppose 5*i = 3*p + 360, 0*p + 74 = i - p. Calculate the remainder when i is divided by 14.
13
Let n = 46 + -38. Calculate the remainder when n is divided by 3.
2
Let b = -1 - -64. What is the remainder when b is divided by 22?
19
Suppose -2*b - 3*l + 47 = -0*l, 0 = -3*l + 9. What is the remainder when 73 is divided by b?
16
Let m = 92 - 34. Let q = -37 + m. What is the remainder when 39 is divided by q?
18
Suppose -4*d + 70 = -2*d. Suppose 0*p - 5*p + d = 0. Calculate the remainder when p is divided by 4.
3
Suppose 19 = 3*y - 47. What is the remainder when y is divided by 8?
6
Let w(y) = -y**3 + y**2 - y + 17. Calculate the remainder when w(0) is divided by 6.
5
Let q(x) = -x**2 - 12*x + 34. What is the remainder when 13 is divided by q(-14)?
1
Suppose -4*s - 28 = -0*s. Let j = s + 23. Calculate the remainder when 31 is divided by j.
15
Suppose -2*k + 3*k = -2. Suppose -5*h + 26 = 5*s - 19, 45 = 5*h + 3*s. Let g = k + h. Calculate the remainder when g is divided by 4.
3
Let f(p) = -p**3 + 27*p**2 + 33*p - 44. What is the remainder when f(28) is divided by 50?
46
Suppose 5*s - 46 - 4 = 0. What is the remainder when 38 is divided by s?
8
Suppose 36 = -2*g + 10. Suppose -3*q - 2*q = -3*d + 56, -3*q = -3*d + 66. Let r = d + g. What is the remainder when 41 is divided by r?
13
Let h = 43 - 25. What is the remainder when h is divided by -4*(1 + (-11)/4)?
4
Let t(b) = -12*b**3 + b. Let q be t(1). What is the remainder when 12/66 + (-350)/q is divided by 17?
15
Let n be -1 + -1 - 10/(-5). Let v(k) = k + 13. Let f be v(n). Suppose 4*x - f = 3*x. What is the remainder when 36 is divided by x?
10
Suppose 0 = 6*v - 2*v - 2*t - 58, -3*v = 3*t - 39. Calculate the remainder when (-21)/16*-42 + 20/(-160) is divided by v.
13
Let i(y) = y**3 + 10*y**2 + 9*y + 2. Let x be i(-9). Suppose -7*v = -x*v - 240. Calculate the remainder when v is divided by 17.
14
Suppose -2*x + 3*o - 11 = 0, -2*x + 2*o = -3*x + 5. Let w be x - 1 - -2 - -6. What is the remainder when 22/(w/(-9)*-3) is divided by 6?
5
Calculate the remainder when (-1 + (-3 - 125))*4/(-6) is divided by 22.
20
Let p(k) = 9*k - 67. What is the remainder when 61 is divided by p(10)?
15
Suppose -6 = -3*k + 3. Suppose 5 + 7 = k*v. Calculate the remainder when 7 is divided by v.
3
Let l = -9 + 6. Let h = 11 - 9. Calculate the remainder when h is divided by 1*(-1)/(2 + l).
0
Suppose -4*d = 4, 0 = -t - 4*t + 4*d + 14. Suppose -t*w + 3*w = 23. Suppose j + 67 = 3*a, 3*a - w = 3*j + 52. Calculate the remainder when a is divided by 11.
10
Let c(j) = 80*j**2 - 4*j + 2. What is the remainder when c(1) is divided by 40?
38
Let z(f) = f**3 - 8*f**2 - 10*f + 22. Suppose 3*x - 71 = -2*s, 3*x - 118 + 49 = -3*s